. Calculate the highest common divisor of g and 4.
4
Let f(p) = 3*p + p**3 - 16*p**2 - 3 + 13*p + 3*p - 19. Let t be f(15). Calculate the highest common divisor of 114 and t.
38
Suppose -3*p = -7*p - 4*t + 56, 29 = p - 4*t. Let b = 57 - 40. What is the greatest common factor of b and p?
17
Let j be (-15)/(-2) + ((-10)/(-4) - 3). Suppose 6*x - j*x + 360 = 0. What is the greatest common factor of 40 and x?
40
Suppose 708*l - 713*l = -75. Calculate the greatest common factor of 3 and l.
3
Let x be (-1)/3 + (-220)/(-12). Let a = x + -6. Let q be (-3 + 2)*-1 + 5. Calculate the highest common factor of q and a.
6
Suppose -966*g + 960*g + 11088 = 0. Calculate the highest common factor of 24 and g.
24
Suppose -44*u + 20 = -40*u. Suppose 0 = 5*x - 2*d - 25, -4*x + 3*x + 27 = 4*d. Suppose -2*b - 75 = -x*b. What is the highest common factor of u and b?
5
Let k be (-16)/40 + (-152)/(-5)*1. What is the greatest common factor of k and 645?
15
Suppose 15330 = 12*h - 4206. Calculate the highest common factor of h and 44.
44
Let g = 7453 - 7451. Suppose 3*r + 108 = 3*s - 81, -61 = -s - r. Calculate the highest common factor of g and s.
2
Suppose 2*r = -3*r + 9*r. Suppose -3*m + 2*b + 14 + 70 = 0, 3*b + 141 = 5*m. Suppose r*x - m = -5*x. Calculate the greatest common divisor of 6 and x.
6
Let w be (-1 - -3)/(6/123). Let s(m) = w - m**3 + 7*m**2 - 31 - m + 8*m. Let r be s(8). What is the greatest common divisor of 1 and r?
1
Let p = -36 - -44. Suppose u + 2*u - 94 = t, 0 = 4*t - p. What is the greatest common divisor of u and 80?
16
Suppose -18*w + 1056 = -12*w. Calculate the highest common factor of 16 and w.
16
Let n(j) = -j**2 - 8*j + 5. Let o be n(-8). Suppose -5*f + 5*c = -840, -f + 177 = 7*c - o*c. Calculate the highest common factor of f and 19.
19
Let p(f) be the third derivative of f**4/6 + 2*f**3/3 + 11*f**2. Let k be p(5). Suppose k = 7*w - 151. Calculate the highest common divisor of 175 and w.
25
Suppose -23*w + 19824 = -25256. Calculate the greatest common factor of w and 49.
49
Let a = 15 + -17. Let k = a + 12. Calculate the highest common divisor of 4 and k.
2
Suppose -2559 = -21*i + 2355. Calculate the highest common divisor of i and 18.
18
Suppose -5*a = 282 - 727. What is the greatest common divisor of a and 1424?
89
Let n(t) = 55*t - 1188. Let o be n(22). Suppose 0*f - 4*r = -3*f + 132, 0 = -4*f + r + 176. Calculate the greatest common factor of o and f.
22
Let h = 62 - -25. What is the highest common divisor of 203 and h?
29
Let b = 641 + -617. What is the greatest common factor of b and 708?
12
Let g(f) = f**3 - f**2 - f + 2. Let b be g(2). Suppose -13 - 35 = -b*k. Let u = -3 + 11. Calculate the highest common divisor of k and u.
4
Let q be 9 - 1165/(-30) - (-3)/18. Let y be (3 + -1)*(0 - -168). Calculate the greatest common divisor of y and q.
48
Suppose 0 = 84*h - 85*h + 96. Suppose 0 = 3*l - 2*x - 76, -x + 31 = 3*l - 39. What is the highest common factor of l and h?
24
Suppose 4*o = b + 139, 15 + 16 = o - b. Let f be o/42*(14 - 0). What is the greatest common divisor of 108 and f?
12
Let l be (980/(-21))/(1/(-21)). Calculate the highest common divisor of l and 20.
20
Let g(b) = b**2 - 5*b - 4. Let u be g(7). Suppose 4*p + 2*p = 900. Suppose -4*l = -l - p. Calculate the highest common factor of u and l.
10
Let y(i) = 14*i + 2. Let b = 3 + -1. Let g be y(b). Let p = 25 + -15. What is the highest common divisor of g and p?
10
Let o(u) = -u**3 + 13*u**2 - 9*u + 13. Suppose -2*s + 44 = 3*l + 2, -2*l + 39 = 5*s. Let w be o(l). Calculate the highest common factor of 7 and w.
7
Let b(i) = -i**2 + 9*i - 7. Let o be b(5). What is the greatest common factor of 338 and o?
13
Suppose 0 = 3*i - 4*o + 8, -3*i = i + 4*o - 36. Let u(t) = -t**3 + 13*t**2 - t + 15. Let j be u(13). Calculate the greatest common factor of j and i.
2
Suppose 5*m + d + 5 = 3*m, -m = -2*d - 10. Suppose -9*p + 11*p - 54 = m. What is the greatest common divisor of 27 and p?
27
Suppose 0 = -3*y - m + 219, 5*m = 2*y + 8*m - 153. What is the highest common factor of y and 528?
24
Let j(d) = -d**2 + 33*d + 34. Let x be j(16). Suppose 2*q = -7*q + x. Calculate the greatest common factor of q and 153.
17
Suppose 0*u + 48 = 4*u. Suppose -8*h + 650 - 26 = 0. Suppose 3*l + 0*l - 2*v = h, -4*v = 12. What is the highest common factor of u and l?
12
Let z(t) = -93*t + 77. Let x be z(-15). What is the greatest common divisor of x and 64?
64
Let o(n) = -n + 7. Let a be 48/(-32)*(-4)/2. Let u be o(a). Let h(q) = 3*q**2 - q - 2. Let s be h(2). Calculate the highest common factor of u and s.
4
Let s be 124/30 + (-2)/15. Let c be 122/6 + s/(-12). Suppose -10*y = -6*y - c. What is the greatest common factor of y and 40?
5
Suppose -5*c + 414 + 76 = 0. Suppose g - 4*r + 6*r - c = 0, -196 = -2*g + 4*r. What is the greatest common divisor of g and 14?
14
Let z(o) = 35*o**2 - 66*o + 67. Let a be z(1). What is the highest common divisor of a and 99?
9
Suppose 3*n + 2*m - 4548 = 0, 3*m = -5*n - m + 7578. Calculate the highest common factor of 22 and n.
22
Suppose 2*j + u - 77 = -j, -j + 28 = -2*u. Let m = j - 23. What is the highest common factor of 24 and m?
3
Let j = 3574 + -3521. Suppose -q + 3 = 0, -3*r - 2*q + 4*q + 312 = 0. What is the greatest common factor of r and j?
53
Let y = -2175 + 2325. Calculate the greatest common factor of y and 40.
10
Suppose 0 = -3*o - 2*x + 41, -3*x - 71 = -5*o - 5*x. What is the greatest common divisor of o and 285?
15
Let m(j) be the third derivative of j**4/6 + 4*j**3/3 - 15*j**2. Let d be m(6). What is the highest common divisor of d and 352?
32
Let j(p) = 7*p**2 - 39*p - 422. Let d be j(-12). Calculate the greatest common divisor of d and 68.
34
Suppose 0 = -16*a + 2*a + 210. What is the greatest common divisor of 40 and a?
5
Let p = 96 + -70. Suppose 0 = -21*c + p*c - 370. Calculate the highest common factor of 185 and c.
37
Suppose 3*j + 4*o = 25, 4*j + j = -5*o + 45. Let r = 63 + -61. Suppose -7 = -y + r*f, 3*f - 52 = -4*y - f. Calculate the highest common divisor of y and j.
11
Suppose 0 = 51*m - 10487 - 2416. What is the greatest common factor of 33 and m?
11
Let s(o) = 3*o**2 - 41*o + 27. Let z be s(13). What is the highest common factor of 3 and z?
1
Let t = -22 - -26. Suppose -t*k - 2*p - 2 = -7*p, 4*p = -k - 11. Let y(i) = i**2 + i. Let f be y(k). What is the greatest common factor of f and 18?
6
Let i = 13 + -15. Let s be (1 - 0)*(-6)/i. Let a(n) = n + 4. Let y be a(s). What is the highest common divisor of 56 and y?
7
Suppose 17*w - 174 = 98. What is the greatest common divisor of w and 2?
2
Suppose 39 = c + 3*q, -16 - 36 = -3*c + 4*q. Suppose -n - c = -4*n + 4*d, -4*n - 5*d = -32. Calculate the highest common factor of n and 2.
2
Suppose 130 = -4*v + 810. Calculate the greatest common factor of 20 and v.
10
Let a be (-3)/(-9) + 0 - (-100)/6. What is the highest common factor of 391 and a?
17
Let g(j) = -j**3 + 23*j**2 + 3*j - 27. Let k be g(23). What is the highest common factor of 42 and k?
42
Suppose 8 = 5*h - 92. Suppose 6*u = -5*b + u + h, u = -1. Suppose -f = -b*f - 3*a + 95, -4*f + 89 = 5*a. What is the highest common divisor of 13 and f?
13
Let f = 53 - 33. Let j = f - -19. What is the highest common divisor of j and 39?
39
Suppose -6*y = -9*y + 6. Suppose -260 = -y*h - 0*h. Calculate the highest common divisor of h and 52.
26
Suppose 11 = -j - 1. Let f(z) = -z**3 - 10*z**2 + 19*z - 28. Let i be f(j). What is the highest common factor of 16 and i?
16
Suppose v = 137 - 114. Calculate the highest common factor of v and 2024.
23
Suppose -72 = 2*z - 5*z. Suppose 22*c = 23*c - 106. Suppose -10 + c = 8*g. Calculate the highest common factor of g and z.
12
Let z = -86 + 161. Calculate the greatest common divisor of 75 and z.
75
Let b(y) = 4*y**2 + 3*y + 2. Let d be b(-3). Suppose 10*z - 6*z + w = d, -z + 2 = 2*w. What is the greatest common divisor of z and 6?
2
Suppose 25*m - 196 - 2929 = 0. Calculate the greatest common factor of m and 225.
25
Suppose p = 3*l + 12, 3*l - 3*p - 2*p = -24. Let d be (1 + 3)/(1 + l/5). What is the greatest common factor of 30 and d?
10
Let h(g) = 8*g**2 + 9*g + 85. Let z be h(-6). Calculate the highest common divisor of 116 and z.
29
Let m be (-1 - 0) + (-26)/(-2). Let s(g) = -g**3 - 11*g**2 + 22*g + 7. Let h be s(-